{"id":49,"date":"2024-01-04T19:16:20","date_gmt":"2024-01-04T22:16:20","guid":{"rendered":"https:\/\/studiomarideus.com\/pagina-inicial\/?page_id=49"},"modified":"2024-10-25T08:00:59","modified_gmt":"2024-10-25T11:00:59","slug":"casamento","status":"publish","type":"page","link":"https:\/\/studiomarideus.com\/pagina-inicial\/casamento\/","title":{"rendered":"Casamento"},"content":{"rendered":"\t\t<div data-elementor-type=\"wp-page\" data-elementor-id=\"49\" class=\"elementor elementor-49\">\n\t\t\t\t\t\t\t<div class=\"elementor-element elementor-element-6b67f52 e-flex e-con-boxed wpr-particle-no wpr-jarallax-no wpr-parallax-no wpr-sticky-section-no e-con e-parent\" data-id=\"6b67f52\" data-element_type=\"container\" data-settings=\"{&quot;content_width&quot;:&quot;boxed&quot;}\" data-core-v316-plus=\"true\">\n\t\t\t\t\t<div class=\"e-con-inner\">\n\t\t\t\t<div class=\"elementor-element elementor-element-5bc4c1e elementor-widget elementor-widget-spacer\" data-id=\"5bc4c1e\" data-element_type=\"widget\" data-widget_type=\"spacer.default\">\n\t\t\t\t<div class=\"elementor-widget-container\">\n\t\t\t<style>\/*! elementor - v3.18.0 - 20-12-2023 *\/\n.elementor-column .elementor-spacer-inner{height:var(--spacer-size)}.e-con{--container-widget-width:100%}.e-con-inner>.elementor-widget-spacer,.e-con>.elementor-widget-spacer{width:var(--container-widget-width,var(--spacer-size));--align-self:var(--container-widget-align-self,initial);--flex-shrink:0}.e-con-inner>.elementor-widget-spacer>.elementor-widget-container,.e-con>.elementor-widget-spacer>.elementor-widget-container{height:100%;width:100%}.e-con-inner>.elementor-widget-spacer>.elementor-widget-container>.elementor-spacer,.e-con>.elementor-widget-spacer>.elementor-widget-container>.elementor-spacer{height:100%}.e-con-inner>.elementor-widget-spacer>.elementor-widget-container>.elementor-spacer>.elementor-spacer-inner,.e-con>.elementor-widget-spacer>.elementor-widget-container>.elementor-spacer>.elementor-spacer-inner{height:var(--container-widget-height,var(--spacer-size))}.e-con-inner>.elementor-widget-spacer.elementor-widget-empty,.e-con>.elementor-widget-spacer.elementor-widget-empty{position:relative;min-height:22px;min-width:22px}.e-con-inner>.elementor-widget-spacer.elementor-widget-empty .elementor-widget-empty-icon,.e-con>.elementor-widget-spacer.elementor-widget-empty .elementor-widget-empty-icon{position:absolute;top:0;bottom:0;left:0;right:0;margin:auto;padding:0;width:22px;height:22px}<\/style>\t\t<div class=\"elementor-spacer\">\n\t\t\t<div class=\"elementor-spacer-inner\"><\/div>\n\t\t<\/div>\n\t\t\t\t<\/div>\n\t\t\t\t<\/div>\n\t\t\t\t<div class=\"elementor-element elementor-element-b3f66ed elementor-widget elementor-widget-heading\" data-id=\"b3f66ed\" data-element_type=\"widget\" data-widget_type=\"heading.default\">\n\t\t\t\t<div class=\"elementor-widget-container\">\n\t\t\t<style>\/*! elementor - v3.18.0 - 20-12-2023 *\/\n.elementor-heading-title{padding:0;margin:0;line-height:1}.elementor-widget-heading .elementor-heading-title[class*=elementor-size-]>a{color:inherit;font-size:inherit;line-height:inherit}.elementor-widget-heading .elementor-heading-title.elementor-size-small{font-size:15px}.elementor-widget-heading .elementor-heading-title.elementor-size-medium{font-size:19px}.elementor-widget-heading .elementor-heading-title.elementor-size-large{font-size:29px}.elementor-widget-heading .elementor-heading-title.elementor-size-xl{font-size:39px}.elementor-widget-heading .elementor-heading-title.elementor-size-xxl{font-size:59px}<\/style><h2 class=\"elementor-heading-title elementor-size-default\">CASAMENTO \u2013 PAPELARIA PERSONALIZADA<\/h2>\t\t<\/div>\n\t\t\t\t<\/div>\n\t\t\t\t<div class=\"elementor-element elementor-element-72c436a elementor-widget elementor-widget-text-editor\" data-id=\"72c436a\" data-element_type=\"widget\" data-widget_type=\"text-editor.default\">\n\t\t\t\t<div class=\"elementor-widget-container\">\n\t\t\t<style>\/*! elementor - v3.18.0 - 20-12-2023 *\/\n.elementor-widget-text-editor.elementor-drop-cap-view-stacked .elementor-drop-cap{background-color:#69727d;color:#fff}.elementor-widget-text-editor.elementor-drop-cap-view-framed .elementor-drop-cap{color:#69727d;border:3px solid;background-color:transparent}.elementor-widget-text-editor:not(.elementor-drop-cap-view-default) .elementor-drop-cap{margin-top:8px}.elementor-widget-text-editor:not(.elementor-drop-cap-view-default) .elementor-drop-cap-letter{width:1em;height:1em}.elementor-widget-text-editor .elementor-drop-cap{float:left;text-align:center;line-height:1;font-size:50px}.elementor-widget-text-editor .elementor-drop-cap-letter{display:inline-block}<\/style>\t\t\t\t<p>Nada como ter uma lembran\u00e7a \u00fanica e especial do seu casamento ou evento. E \u00e9 exatamente isso que oferecemos com nossas aquarelas e ilustra\u00e7\u00f5es personalizadas.<\/p><p>Com um toque de criatividade e delicadeza, criamos pe\u00e7as \u00fanicas que capturam a ess\u00eancia e a beleza do seu momento especial.<\/p><p>As aquarelas e ilustra\u00e7\u00f5es, assinadas por Mari Deus, podem ser utilizadas de diversas maneiras, desde convites e menus personalizados at\u00e9 quadros decorativos para sua casa.<\/p><p>Cada pe\u00e7a \u00e9 desenvolvida com cuidado e aten\u00e7\u00e3o aos detalhes, para que voc\u00ea tenha um produto final que seja realmente excepcional.<\/p><p>Trabalhamos em estreita colabora\u00e7\u00e3o com voc\u00ea para entender suas necessidades e desejos, para que possamos criar algo que seja verdadeiramente \u00fanico e especial.<\/p><p>Todas as artes s\u00e3o digitalizadas e entregues em alta resolu\u00e7\u00e3o no formato ideal para que sejam aplicados na papelaria. A arte original \u00e9 entregue aos noivos.<\/p><p>Confira abaixo um pouco mais do nosso trabalho e entre em contato conosco para saber mais sobre como podemos ajuda-lo (a) a criar uma lembran\u00e7a inesquec\u00edvel do seu casamento ou evento.<\/p>\t\t\t\t\t\t<\/div>\n\t\t\t\t<\/div>\n\t\t\t\t<div class=\"elementor-element elementor-element-5fc7a55 elementor-widget elementor-widget-spacer\" data-id=\"5fc7a55\" data-element_type=\"widget\" data-widget_type=\"spacer.default\">\n\t\t\t\t<div class=\"elementor-widget-container\">\n\t\t\t\t\t<div class=\"elementor-spacer\">\n\t\t\t<div class=\"elementor-spacer-inner\"><\/div>\n\t\t<\/div>\n\t\t\t\t<\/div>\n\t\t\t\t<\/div>\n\t\t\t\t<div class=\"elementor-element elementor-element-eb3ce2f elementor-align-center elementor-widget elementor-widget-button\" data-id=\"eb3ce2f\" data-element_type=\"widget\" data-widget_type=\"button.default\">\n\t\t\t\t<div class=\"elementor-widget-container\">\n\t\t\t\t\t<div class=\"elementor-button-wrapper\">\n\t\t\t<a class=\"elementor-button elementor-button-link elementor-size-sm\" href=\"https:\/\/studiomarideus.com\/pagina-inicial\/contato\/\">\n\t\t\t\t\t\t<span class=\"elementor-button-content-wrapper\">\n\t\t\t\t\t\t<span class=\"elementor-button-text\">SOLICITE UM OR\u00c7AMENTO<\/span>\n\t\t<\/span>\n\t\t\t\t\t<\/a>\n\t\t<\/div>\n\t\t\t\t<\/div>\n\t\t\t\t<\/div>\n\t\t\t\t<div class=\"elementor-element elementor-element-7ee7a47 elementor-widget elementor-widget-spacer\" data-id=\"7ee7a47\" data-element_type=\"widget\" data-widget_type=\"spacer.default\">\n\t\t\t\t<div class=\"elementor-widget-container\">\n\t\t\t\t\t<div class=\"elementor-spacer\">\n\t\t\t<div class=\"elementor-spacer-inner\"><\/div>\n\t\t<\/div>\n\t\t\t\t<\/div>\n\t\t\t\t<\/div>\n\t\t\t\t\t<\/div>\n\t\t\t\t<\/div>\n\t\t<div class=\"elementor-element elementor-element-bdcb4b9 e-flex e-con-boxed wpr-particle-no wpr-jarallax-no wpr-parallax-no wpr-sticky-section-no e-con e-parent\" data-id=\"bdcb4b9\" data-element_type=\"container\" data-settings=\"{&quot;content_width&quot;:&quot;boxed&quot;}\" data-core-v316-plus=\"true\">\n\t\t\t\t\t<div class=\"e-con-inner\">\n\t\t<div class=\"elementor-element elementor-element-df13cd2 e-con-full e-flex wpr-particle-no wpr-jarallax-no wpr-parallax-no wpr-sticky-section-no e-con e-child\" data-id=\"df13cd2\" data-element_type=\"container\" data-settings=\"{&quot;content_width&quot;:&quot;full&quot;}\">\n\t\t\t\t<div class=\"elementor-element elementor-element-fe2836b elementor-widget elementor-widget-image\" data-id=\"fe2836b\" data-element_type=\"widget\" data-widget_type=\"image.default\">\n\t\t\t\t<div class=\"elementor-widget-container\">\n\t\t\t<style>\/*! elementor - v3.18.0 - 20-12-2023 *\/\n.elementor-widget-image{text-align:center}.elementor-widget-image a{display:inline-block}.elementor-widget-image a img[src$=\".svg\"]{width:48px}.elementor-widget-image img{vertical-align:middle;display:inline-block}<\/style>\t\t\t\t\t\t\t\t\t\t\t\t\t<a href=\"https:\/\/studiomarideus.com\/pagina-inicial\/villa-erva-doce-palmelo-go\/\">\n\t\t\t\t\t\t\t<img fetchpriority=\"high\" decoding=\"async\" width=\"960\" height=\"960\" src=\"https:\/\/studiomarideus.com\/wp-content\/uploads\/2024\/10\/WhatsApp-Image-2024-08-08-at-12.26.43-1-e1729770432635-1024x1024.jpeg\" class=\"attachment-large size-large wp-image-1336\" alt=\"\" srcset=\"https:\/\/studiomarideus.com\/wp-content\/uploads\/2024\/10\/WhatsApp-Image-2024-08-08-at-12.26.43-1-e1729770432635-1024x1024.jpeg 1024w, https:\/\/studiomarideus.com\/wp-content\/uploads\/2024\/10\/WhatsApp-Image-2024-08-08-at-12.26.43-1-e1729770432635-300x300.jpeg 300w, https:\/\/studiomarideus.com\/wp-content\/uploads\/2024\/10\/WhatsApp-Image-2024-08-08-at-12.26.43-1-e1729770432635-150x150.jpeg 150w, https:\/\/studiomarideus.com\/wp-content\/uploads\/2024\/10\/WhatsApp-Image-2024-08-08-at-12.26.43-1-e1729770432635-768x768.jpeg 768w, https:\/\/studiomarideus.com\/wp-content\/uploads\/2024\/10\/WhatsApp-Image-2024-08-08-at-12.26.43-1-e1729770432635.jpeg 1066w\" sizes=\"(max-width: 960px) 100vw, 960px\" \/>\t\t\t\t\t\t\t\t<\/a>\n\t\t\t\t\t\t\t\t\t\t\t\t\t\t\t<\/div>\n\t\t\t\t<\/div>\n\t\t\t\t<\/div>\n\t\t<div class=\"elementor-element elementor-element-c38de46 e-con-full e-flex wpr-particle-no wpr-jarallax-no wpr-parallax-no wpr-sticky-section-no e-con e-child\" data-id=\"c38de46\" data-element_type=\"container\" data-settings=\"{&quot;content_width&quot;:&quot;full&quot;}\">\n\t\t\t\t<div class=\"elementor-element elementor-element-4442476 elementor-widget elementor-widget-image\" data-id=\"4442476\" data-element_type=\"widget\" data-widget_type=\"image.default\">\n\t\t\t\t<div class=\"elementor-widget-container\">\n\t\t\t\t\t\t\t\t\t\t\t\t\t\t\t\t<a href=\"https:\/\/studiomarideus.com\/pagina-inicial\/ponte-estaiada-teresina-pi\/\">\n\t\t\t\t\t\t\t<img decoding=\"async\" src=\"https:\/\/studiomarideus.com\/wp-content\/uploads\/2024\/01\/Ponte-Estaiada-e1704916747811.png\" title=\"Ponte-Estaiada\" alt=\"Ponte-Estaiada\" loading=\"lazy\" \/>\t\t\t\t\t\t\t\t<\/a>\n\t\t\t\t\t\t\t\t\t\t\t\t\t\t\t<\/div>\n\t\t\t\t<\/div>\n\t\t\t\t<\/div>\n\t\t\t\t\t<\/div>\n\t\t\t\t<\/div>\n\t\t<div class=\"elementor-element elementor-element-e5c5cfd e-flex e-con-boxed wpr-particle-no wpr-jarallax-no wpr-parallax-no wpr-sticky-section-no e-con e-parent\" data-id=\"e5c5cfd\" data-element_type=\"container\" data-settings=\"{&quot;content_width&quot;:&quot;boxed&quot;}\" data-core-v316-plus=\"true\">\n\t\t\t\t\t<div class=\"e-con-inner\">\n\t\t<div class=\"elementor-element elementor-element-325dbfd e-con-full e-flex wpr-particle-no wpr-jarallax-no wpr-parallax-no wpr-sticky-section-no e-con e-child\" data-id=\"325dbfd\" data-element_type=\"container\" data-settings=\"{&quot;content_width&quot;:&quot;full&quot;}\">\n\t\t\t\t<div class=\"elementor-element elementor-element-1d2ceaf elementor-widget elementor-widget-image\" data-id=\"1d2ceaf\" data-element_type=\"widget\" data-widget_type=\"image.default\">\n\t\t\t\t<div class=\"elementor-widget-container\">\n\t\t\t\t\t\t\t\t\t\t\t\t\t\t\t\t<a href=\"https:\/\/studiomarideus.com\/pagina-inicial\/capela-teresina-pi\/\">\n\t\t\t\t\t\t\t<img decoding=\"async\" width=\"960\" height=\"960\" src=\"https:\/\/studiomarideus.com\/wp-content\/uploads\/2024\/01\/mockup-capela-borda-suave-2-e1704919111933-1024x1024.png\" class=\"attachment-large size-large wp-image-770\" alt=\"\" srcset=\"https:\/\/studiomarideus.com\/wp-content\/uploads\/2024\/01\/mockup-capela-borda-suave-2-e1704919111933-1024x1024.png 1024w, https:\/\/studiomarideus.com\/wp-content\/uploads\/2024\/01\/mockup-capela-borda-suave-2-e1704919111933-300x300.png 300w, https:\/\/studiomarideus.com\/wp-content\/uploads\/2024\/01\/mockup-capela-borda-suave-2-e1704919111933-150x150.png 150w, https:\/\/studiomarideus.com\/wp-content\/uploads\/2024\/01\/mockup-capela-borda-suave-2-e1704919111933-768x768.png 768w, https:\/\/studiomarideus.com\/wp-content\/uploads\/2024\/01\/mockup-capela-borda-suave-2-e1704919111933-1536x1536.png 1536w, https:\/\/studiomarideus.com\/wp-content\/uploads\/2024\/01\/mockup-capela-borda-suave-2-e1704919111933-2048x2048.png 2048w\" sizes=\"(max-width: 960px) 100vw, 960px\" \/>\t\t\t\t\t\t\t\t<\/a>\n\t\t\t\t\t\t\t\t\t\t\t\t\t\t\t<\/div>\n\t\t\t\t<\/div>\n\t\t\t\t<\/div>\n\t\t<div class=\"elementor-element elementor-element-645991c e-con-full e-flex wpr-particle-no wpr-jarallax-no wpr-parallax-no wpr-sticky-section-no e-con e-child\" data-id=\"645991c\" data-element_type=\"container\" data-settings=\"{&quot;content_width&quot;:&quot;full&quot;}\">\n\t\t\t\t<div class=\"elementor-element elementor-element-981bf25 elementor-widget elementor-widget-image\" data-id=\"981bf25\" data-element_type=\"widget\" data-widget_type=\"image.default\">\n\t\t\t\t<div class=\"elementor-widget-container\">\n\t\t\t\t\t\t\t\t\t\t\t\t\t\t\t\t<a href=\"https:\/\/studiomarideus.com\/pagina-inicial\/pier-31-jaboatao-pe\/\">\n\t\t\t\t\t\t\t<img decoding=\"async\" width=\"960\" height=\"914\" src=\"https:\/\/studiomarideus.com\/wp-content\/uploads\/2024\/01\/3-Mockup-Aracaju-Convite-Mariana-e1704916377168-1024x975.png\" class=\"attachment-large size-large wp-image-655\" alt=\"\" srcset=\"https:\/\/studiomarideus.com\/wp-content\/uploads\/2024\/01\/3-Mockup-Aracaju-Convite-Mariana-e1704916377168-1024x975.png 1024w, https:\/\/studiomarideus.com\/wp-content\/uploads\/2024\/01\/3-Mockup-Aracaju-Convite-Mariana-e1704916377168-300x286.png 300w, https:\/\/studiomarideus.com\/wp-content\/uploads\/2024\/01\/3-Mockup-Aracaju-Convite-Mariana-e1704916377168-768x731.png 768w, https:\/\/studiomarideus.com\/wp-content\/uploads\/2024\/01\/3-Mockup-Aracaju-Convite-Mariana-e1704916377168-1536x1463.png 1536w, https:\/\/studiomarideus.com\/wp-content\/uploads\/2024\/01\/3-Mockup-Aracaju-Convite-Mariana-e1704916377168-2048x1950.png 2048w\" sizes=\"(max-width: 960px) 100vw, 960px\" \/>\t\t\t\t\t\t\t\t<\/a>\n\t\t\t\t\t\t\t\t\t\t\t\t\t\t\t<\/div>\n\t\t\t\t<\/div>\n\t\t\t\t<\/div>\n\t\t\t\t\t<\/div>\n\t\t\t\t<\/div>\n\t\t<div class=\"elementor-element elementor-element-0201507 e-flex e-con-boxed wpr-particle-no wpr-jarallax-no wpr-parallax-no wpr-sticky-section-no e-con e-parent\" data-id=\"0201507\" data-element_type=\"container\" data-settings=\"{&quot;content_width&quot;:&quot;boxed&quot;}\" data-core-v316-plus=\"true\">\n\t\t\t\t\t<div class=\"e-con-inner\">\n\t\t<div class=\"elementor-element elementor-element-5379e03 e-con-full e-flex wpr-particle-no wpr-jarallax-no wpr-parallax-no wpr-sticky-section-no e-con e-child\" data-id=\"5379e03\" data-element_type=\"container\" data-settings=\"{&quot;content_width&quot;:&quot;full&quot;}\">\n\t\t\t\t<div class=\"elementor-element elementor-element-594d206 elementor-widget elementor-widget-image\" data-id=\"594d206\" data-element_type=\"widget\" data-widget_type=\"image.default\">\n\t\t\t\t<div class=\"elementor-widget-container\">\n\t\t\t\t\t\t\t\t\t\t\t\t\t\t\t\t<a href=\"https:\/\/studiomarideus.com\/pagina-inicial\/hilton-la-romana-punta-cana\/\">\n\t\t\t\t\t\t\t<img loading=\"lazy\" decoding=\"async\" width=\"960\" height=\"960\" src=\"https:\/\/studiomarideus.com\/wp-content\/uploads\/2024\/01\/Punta-Cana-mockup-1-e1704916654480-1024x1024.png\" class=\"attachment-large size-large wp-image-657\" alt=\"\" srcset=\"https:\/\/studiomarideus.com\/wp-content\/uploads\/2024\/01\/Punta-Cana-mockup-1-e1704916654480-1024x1024.png 1024w, https:\/\/studiomarideus.com\/wp-content\/uploads\/2024\/01\/Punta-Cana-mockup-1-e1704916654480-300x300.png 300w, https:\/\/studiomarideus.com\/wp-content\/uploads\/2024\/01\/Punta-Cana-mockup-1-e1704916654480-150x150.png 150w, https:\/\/studiomarideus.com\/wp-content\/uploads\/2024\/01\/Punta-Cana-mockup-1-e1704916654480-768x768.png 768w, https:\/\/studiomarideus.com\/wp-content\/uploads\/2024\/01\/Punta-Cana-mockup-1-e1704916654480-1536x1536.png 1536w, https:\/\/studiomarideus.com\/wp-content\/uploads\/2024\/01\/Punta-Cana-mockup-1-e1704916654480-2048x2048.png 2048w\" sizes=\"(max-width: 960px) 100vw, 960px\" \/>\t\t\t\t\t\t\t\t<\/a>\n\t\t\t\t\t\t\t\t\t\t\t\t\t\t\t<\/div>\n\t\t\t\t<\/div>\n\t\t\t\t<\/div>\n\t\t<div class=\"elementor-element elementor-element-a2efb70 e-con-full e-flex wpr-particle-no wpr-jarallax-no wpr-parallax-no wpr-sticky-section-no e-con e-child\" data-id=\"a2efb70\" data-element_type=\"container\" data-settings=\"{&quot;content_width&quot;:&quot;full&quot;}\">\n\t\t\t\t<div class=\"elementor-element elementor-element-cf025ba elementor-widget elementor-widget-image\" data-id=\"cf025ba\" data-element_type=\"widget\" data-widget_type=\"image.default\">\n\t\t\t\t<div class=\"elementor-widget-container\">\n\t\t\t\t\t\t\t\t\t\t\t\t\t\t\t\t<a href=\"https:\/\/studiomarideus.com\/pagina-inicial\/praia-de-estaleirinhos-balneario-de-camboriu-sc\/\">\n\t\t\t\t\t\t\t<img loading=\"lazy\" decoding=\"async\" width=\"2496\" height=\"2496\" src=\"https:\/\/studiomarideus.com\/wp-content\/uploads\/2024\/01\/Mockup-convites-e1704916275689.png\" class=\"attachment-full size-full wp-image-654\" alt=\"\" srcset=\"https:\/\/studiomarideus.com\/wp-content\/uploads\/2024\/01\/Mockup-convites-e1704916275689.png 2496w, https:\/\/studiomarideus.com\/wp-content\/uploads\/2024\/01\/Mockup-convites-e1704916275689-300x300.png 300w, https:\/\/studiomarideus.com\/wp-content\/uploads\/2024\/01\/Mockup-convites-e1704916275689-1024x1024.png 1024w, https:\/\/studiomarideus.com\/wp-content\/uploads\/2024\/01\/Mockup-convites-e1704916275689-150x150.png 150w, https:\/\/studiomarideus.com\/wp-content\/uploads\/2024\/01\/Mockup-convites-e1704916275689-768x768.png 768w, https:\/\/studiomarideus.com\/wp-content\/uploads\/2024\/01\/Mockup-convites-e1704916275689-1536x1536.png 1536w, https:\/\/studiomarideus.com\/wp-content\/uploads\/2024\/01\/Mockup-convites-e1704916275689-2048x2048.png 2048w\" sizes=\"(max-width: 2496px) 100vw, 2496px\" \/>\t\t\t\t\t\t\t\t<\/a>\n\t\t\t\t\t\t\t\t\t\t\t\t\t\t\t<\/div>\n\t\t\t\t<\/div>\n\t\t\t\t<\/div>\n\t\t\t\t\t<\/div>\n\t\t\t\t<\/div>\n\t\t<div class=\"elementor-element elementor-element-d49d191 e-flex e-con-boxed wpr-particle-no wpr-jarallax-no wpr-parallax-no wpr-sticky-section-no e-con e-parent\" data-id=\"d49d191\" data-element_type=\"container\" data-settings=\"{&quot;content_width&quot;:&quot;boxed&quot;}\" data-core-v316-plus=\"true\">\n\t\t\t\t\t<div class=\"e-con-inner\">\n\t\t<div class=\"elementor-element elementor-element-b0bb650 e-con-full e-flex wpr-particle-no wpr-jarallax-no wpr-parallax-no wpr-sticky-section-no e-con e-child\" data-id=\"b0bb650\" data-element_type=\"container\" data-settings=\"{&quot;content_width&quot;:&quot;full&quot;}\">\n\t\t\t\t<div class=\"elementor-element elementor-element-9efe9de elementor-widget elementor-widget-image\" data-id=\"9efe9de\" data-element_type=\"widget\" data-widget_type=\"image.default\">\n\t\t\t\t<div class=\"elementor-widget-container\">\n\t\t\t\t\t\t\t\t\t\t\t\t\t\t\t\t<a href=\"https:\/\/studiomarideus.com\/pagina-inicial\/largo-do-arruda-rj\/\">\n\t\t\t\t\t\t\t<img loading=\"lazy\" decoding=\"async\" width=\"960\" height=\"960\" src=\"https:\/\/studiomarideus.com\/wp-content\/uploads\/2024\/01\/mockup-largo-do-arruda-1-e1704919293819-1024x1024.jpg\" class=\"attachment-large size-large wp-image-774\" alt=\"\" srcset=\"https:\/\/studiomarideus.com\/wp-content\/uploads\/2024\/01\/mockup-largo-do-arruda-1-e1704919293819-1024x1024.jpg 1024w, https:\/\/studiomarideus.com\/wp-content\/uploads\/2024\/01\/mockup-largo-do-arruda-1-e1704919293819-300x300.jpg 300w, https:\/\/studiomarideus.com\/wp-content\/uploads\/2024\/01\/mockup-largo-do-arruda-1-e1704919293819-150x150.jpg 150w, https:\/\/studiomarideus.com\/wp-content\/uploads\/2024\/01\/mockup-largo-do-arruda-1-e1704919293819-768x768.jpg 768w, https:\/\/studiomarideus.com\/wp-content\/uploads\/2024\/01\/mockup-largo-do-arruda-1-e1704919293819.jpg 1200w\" sizes=\"(max-width: 960px) 100vw, 960px\" \/>\t\t\t\t\t\t\t\t<\/a>\n\t\t\t\t\t\t\t\t\t\t\t\t\t\t\t<\/div>\n\t\t\t\t<\/div>\n\t\t\t\t<\/div>\n\t\t<div class=\"elementor-element elementor-element-2f5b8b3 e-con-full e-flex wpr-particle-no wpr-jarallax-no wpr-parallax-no wpr-sticky-section-no e-con e-child\" data-id=\"2f5b8b3\" data-element_type=\"container\" data-settings=\"{&quot;content_width&quot;:&quot;full&quot;}\">\n\t\t\t\t<div class=\"elementor-element elementor-element-36933b5 elementor-widget elementor-widget-image\" data-id=\"36933b5\" data-element_type=\"widget\" data-widget_type=\"image.default\">\n\t\t\t\t<div class=\"elementor-widget-container\">\n\t\t\t\t\t\t\t\t\t\t\t\t\t\t\t\t<a href=\"https:\/\/studiomarideus.com\/pagina-inicial\/barra-grande-teresina-pi\/\">\n\t\t\t\t\t\t\t<img loading=\"lazy\" decoding=\"async\" width=\"2499\" height=\"2499\" src=\"https:\/\/studiomarideus.com\/wp-content\/uploads\/2024\/01\/Save-the-date-2-e1704916217606.png\" class=\"attachment-full size-full wp-image-653\" alt=\"\" srcset=\"https:\/\/studiomarideus.com\/wp-content\/uploads\/2024\/01\/Save-the-date-2-e1704916217606.png 2499w, https:\/\/studiomarideus.com\/wp-content\/uploads\/2024\/01\/Save-the-date-2-e1704916217606-300x300.png 300w, https:\/\/studiomarideus.com\/wp-content\/uploads\/2024\/01\/Save-the-date-2-e1704916217606-1024x1024.png 1024w, https:\/\/studiomarideus.com\/wp-content\/uploads\/2024\/01\/Save-the-date-2-e1704916217606-150x150.png 150w, https:\/\/studiomarideus.com\/wp-content\/uploads\/2024\/01\/Save-the-date-2-e1704916217606-768x768.png 768w, https:\/\/studiomarideus.com\/wp-content\/uploads\/2024\/01\/Save-the-date-2-e1704916217606-1536x1536.png 1536w, https:\/\/studiomarideus.com\/wp-content\/uploads\/2024\/01\/Save-the-date-2-e1704916217606-2048x2048.png 2048w\" sizes=\"(max-width: 2499px) 100vw, 2499px\" \/>\t\t\t\t\t\t\t\t<\/a>\n\t\t\t\t\t\t\t\t\t\t\t\t\t\t\t<\/div>\n\t\t\t\t<\/div>\n\t\t\t\t<\/div>\n\t\t\t\t\t<\/div>\n\t\t\t\t<\/div>\n\t\t<div class=\"elementor-element elementor-element-248b782 e-flex e-con-boxed wpr-particle-no wpr-jarallax-no wpr-parallax-no wpr-sticky-section-no e-con e-parent\" data-id=\"248b782\" data-element_type=\"container\" data-settings=\"{&quot;content_width&quot;:&quot;boxed&quot;}\" data-core-v316-plus=\"true\">\n\t\t\t\t\t<div class=\"e-con-inner\">\n\t\t\t\t<div class=\"elementor-element elementor-element-0f3bf5c elementor-widget elementor-widget-spacer\" data-id=\"0f3bf5c\" data-element_type=\"widget\" data-widget_type=\"spacer.default\">\n\t\t\t\t<div class=\"elementor-widget-container\">\n\t\t\t\t\t<div class=\"elementor-spacer\">\n\t\t\t<div class=\"elementor-spacer-inner\"><\/div>\n\t\t<\/div>\n\t\t\t\t<\/div>\n\t\t\t\t<\/div>\n\t\t\t\t\t<\/div>\n\t\t\t\t<\/div>\n\t\t\t\t\t\t\t<\/div>\n\t\t","protected":false},"excerpt":{"rendered":"<p>CASAMENTO \u2013 PAPELARIA PERSONALIZADA Nada como ter uma lembran\u00e7a \u00fanica e especial do seu casamento ou evento. E \u00e9 exatamente isso que oferecemos com nossas aquarelas e ilustra\u00e7\u00f5es personalizadas. Com um toque de criatividade e delicadeza, criamos pe\u00e7as \u00fanicas que capturam a ess\u00eancia e a beleza do seu momento especial. As aquarelas e ilustra\u00e7\u00f5es, assinadas [&hellip;]<\/p>\n","protected":false},"author":1,"featured_media":0,"parent":0,"menu_order":0,"comment_status":"closed","ping_status":"closed","template":"elementor_canvas","meta":{"footnotes":""},"_links":{"self":[{"href":"https:\/\/studiomarideus.com\/pagina-inicial\/wp-json\/wp\/v2\/pages\/49"}],"collection":[{"href":"https:\/\/studiomarideus.com\/pagina-inicial\/wp-json\/wp\/v2\/pages"}],"about":[{"href":"https:\/\/studiomarideus.com\/pagina-inicial\/wp-json\/wp\/v2\/types\/page"}],"author":[{"embeddable":true,"href":"https:\/\/studiomarideus.com\/pagina-inicial\/wp-json\/wp\/v2\/users\/1"}],"replies":[{"embeddable":true,"href":"https:\/\/studiomarideus.com\/pagina-inicial\/wp-json\/wp\/v2\/comments?post=49"}],"version-history":[{"count":61,"href":"https:\/\/studiomarideus.com\/pagina-inicial\/wp-json\/wp\/v2\/pages\/49\/revisions"}],"predecessor-version":[{"id":1399,"href":"https:\/\/studiomarideus.com\/pagina-inicial\/wp-json\/wp\/v2\/pages\/49\/revisions\/1399"}],"wp:attachment":[{"href":"https:\/\/studiomarideus.com\/pagina-inicial\/wp-json\/wp\/v2\/media?parent=49"}],"curies":[{"name":"wp","href":"https:\/\/api.w.org\/{rel}","templated":true}]}}