{"id":714,"date":"2024-01-10T17:29:44","date_gmt":"2024-01-10T20:29:44","guid":{"rendered":"https:\/\/studiomarideus.com\/pagina-inicial\/?page_id=714"},"modified":"2024-10-25T08:28:35","modified_gmt":"2024-10-25T11:28:35","slug":"capela-teresina-pi","status":"publish","type":"page","link":"https:\/\/studiomarideus.com\/pagina-inicial\/capela-teresina-pi\/","title":{"rendered":"Capela \u2013 Teresina\/PI"},"content":{"rendered":"\t\t<div data-elementor-type=\"wp-page\" data-elementor-id=\"714\" class=\"elementor elementor-714\">\n\t\t\t\t\t\t\t<div class=\"elementor-element elementor-element-e3f0859 e-flex e-con-boxed wpr-particle-no wpr-jarallax-no wpr-parallax-no wpr-sticky-section-no e-con e-parent\" data-id=\"e3f0859\" data-element_type=\"container\" data-settings=\"{&quot;content_width&quot;:&quot;boxed&quot;}\" data-core-v316-plus=\"true\">\n\t\t\t\t\t<div class=\"e-con-inner\">\n\t\t\t\t<div class=\"elementor-element elementor-element-f3bb8c8 elementor-widget elementor-widget-spacer\" data-id=\"f3bb8c8\" data-element_type=\"widget\" data-widget_type=\"spacer.default\">\n\t\t\t\t<div class=\"elementor-widget-container\">\n\t\t\t<style>\/*! elementor - v3.18.0 - 20-12-2023 *\/\n.elementor-column .elementor-spacer-inner{height:var(--spacer-size)}.e-con{--container-widget-width:100%}.e-con-inner>.elementor-widget-spacer,.e-con>.elementor-widget-spacer{width:var(--container-widget-width,var(--spacer-size));--align-self:var(--container-widget-align-self,initial);--flex-shrink:0}.e-con-inner>.elementor-widget-spacer>.elementor-widget-container,.e-con>.elementor-widget-spacer>.elementor-widget-container{height:100%;width:100%}.e-con-inner>.elementor-widget-spacer>.elementor-widget-container>.elementor-spacer,.e-con>.elementor-widget-spacer>.elementor-widget-container>.elementor-spacer{height:100%}.e-con-inner>.elementor-widget-spacer>.elementor-widget-container>.elementor-spacer>.elementor-spacer-inner,.e-con>.elementor-widget-spacer>.elementor-widget-container>.elementor-spacer>.elementor-spacer-inner{height:var(--container-widget-height,var(--spacer-size))}.e-con-inner>.elementor-widget-spacer.elementor-widget-empty,.e-con>.elementor-widget-spacer.elementor-widget-empty{position:relative;min-height:22px;min-width:22px}.e-con-inner>.elementor-widget-spacer.elementor-widget-empty .elementor-widget-empty-icon,.e-con>.elementor-widget-spacer.elementor-widget-empty .elementor-widget-empty-icon{position:absolute;top:0;bottom:0;left:0;right:0;margin:auto;padding:0;width:22px;height:22px}<\/style>\t\t<div class=\"elementor-spacer\">\n\t\t\t<div class=\"elementor-spacer-inner\"><\/div>\n\t\t<\/div>\n\t\t\t\t<\/div>\n\t\t\t\t<\/div>\n\t\t\t\t<div class=\"elementor-element elementor-element-06293a7 elementor-widget elementor-widget-heading\" data-id=\"06293a7\" data-element_type=\"widget\" data-widget_type=\"heading.default\">\n\t\t\t\t<div class=\"elementor-widget-container\">\n\t\t\t<style>\/*! elementor - v3.18.0 - 20-12-2023 *\/\n.elementor-heading-title{padding:0;margin:0;line-height:1}.elementor-widget-heading .elementor-heading-title[class*=elementor-size-]>a{color:inherit;font-size:inherit;line-height:inherit}.elementor-widget-heading .elementor-heading-title.elementor-size-small{font-size:15px}.elementor-widget-heading .elementor-heading-title.elementor-size-medium{font-size:19px}.elementor-widget-heading .elementor-heading-title.elementor-size-large{font-size:29px}.elementor-widget-heading .elementor-heading-title.elementor-size-xl{font-size:39px}.elementor-widget-heading .elementor-heading-title.elementor-size-xxl{font-size:59px}<\/style><h2 class=\"elementor-heading-title elementor-size-default\">Capela \u2013 Teresina\/PI<\/h2>\t\t<\/div>\n\t\t\t\t<\/div>\n\t\t\t\t<div class=\"elementor-element elementor-element-9b68378 elementor-widget elementor-widget-text-editor\" data-id=\"9b68378\" data-element_type=\"widget\" data-widget_type=\"text-editor.default\">\n\t\t\t\t<div class=\"elementor-widget-container\">\n\t\t\t<style>\/*! elementor - v3.18.0 - 20-12-2023 *\/\n.elementor-widget-text-editor.elementor-drop-cap-view-stacked .elementor-drop-cap{background-color:#69727d;color:#fff}.elementor-widget-text-editor.elementor-drop-cap-view-framed .elementor-drop-cap{color:#69727d;border:3px solid;background-color:transparent}.elementor-widget-text-editor:not(.elementor-drop-cap-view-default) .elementor-drop-cap{margin-top:8px}.elementor-widget-text-editor:not(.elementor-drop-cap-view-default) .elementor-drop-cap-letter{width:1em;height:1em}.elementor-widget-text-editor .elementor-drop-cap{float:left;text-align:center;line-height:1;font-size:50px}.elementor-widget-text-editor .elementor-drop-cap-letter{display:inline-block}<\/style>\t\t\t\t<p><span style=\"font-weight: 400;\">Desenvolvemos ilustra\u00e7\u00f5es personalizadas para compor a identidade visual de seu casamento ou evento. As artes s\u00e3o entregues em formato digital prontas para serem aplicadas na papelaria e demais itens.<\/span><\/p><p><span style=\"font-weight: 400;\">A arte a seguir foi desenvolvida em parceria com Jo\u00e3o Cvlh, designer de marcas, especialista em identidade visual.<\/span><\/p><p><span style=\"font-weight: 400;\">Os layouts abaixo s\u00e3o sugest\u00f5es de montagem. Imagens ilustrativas.<\/span><\/p><p><span style=\"font-weight: 400;\">Quer personalizar seu evento? Entre em contato conosco!<\/span><\/p><p><span style=\"font-weight: 400;\">Ser\u00e1 um prazer esclarecer suas d\u00favidas!<\/span><\/p>\t\t\t\t\t\t<\/div>\n\t\t\t\t<\/div>\n\t\t\t\t\t<\/div>\n\t\t\t\t<\/div>\n\t\t<div class=\"elementor-element elementor-element-babe7eb e-flex e-con-boxed wpr-particle-no wpr-jarallax-no wpr-parallax-no wpr-sticky-section-no e-con e-parent\" data-id=\"babe7eb\" data-element_type=\"container\" data-settings=\"{&quot;content_width&quot;:&quot;boxed&quot;}\" data-core-v316-plus=\"true\">\n\t\t\t\t\t<div class=\"e-con-inner\">\n\t\t\t\t<div class=\"elementor-element elementor-element-2180c31 elementor-widget elementor-widget-image\" data-id=\"2180c31\" data-element_type=\"widget\" data-widget_type=\"image.default\">\n\t\t\t\t<div class=\"elementor-widget-container\">\n\t\t\t<style>\/*! elementor - v3.18.0 - 20-12-2023 *\/\n.elementor-widget-image{text-align:center}.elementor-widget-image a{display:inline-block}.elementor-widget-image a img[src$=\".svg\"]{width:48px}.elementor-widget-image img{vertical-align:middle;display:inline-block}<\/style>\t\t\t\t\t\t\t\t\t\t\t\t<img fetchpriority=\"high\" decoding=\"async\" width=\"4096\" height=\"6144\" src=\"https:\/\/studiomarideus.com\/wp-content\/uploads\/2024\/01\/mockup-capela-borda-suave-3.png\" class=\"attachment-full size-full wp-image-791\" alt=\"\" srcset=\"https:\/\/studiomarideus.com\/wp-content\/uploads\/2024\/01\/mockup-capela-borda-suave-3.png 4096w, https:\/\/studiomarideus.com\/wp-content\/uploads\/2024\/01\/mockup-capela-borda-suave-3-200x300.png 200w, https:\/\/studiomarideus.com\/wp-content\/uploads\/2024\/01\/mockup-capela-borda-suave-3-683x1024.png 683w, https:\/\/studiomarideus.com\/wp-content\/uploads\/2024\/01\/mockup-capela-borda-suave-3-768x1152.png 768w, https:\/\/studiomarideus.com\/wp-content\/uploads\/2024\/01\/mockup-capela-borda-suave-3-1024x1536.png 1024w, https:\/\/studiomarideus.com\/wp-content\/uploads\/2024\/01\/mockup-capela-borda-suave-3-1365x2048.png 1365w\" sizes=\"(max-width: 4096px) 100vw, 4096px\" \/>\t\t\t\t\t\t\t\t\t\t\t\t\t\t\t<\/div>\n\t\t\t\t<\/div>\n\t\t\t\t<div class=\"elementor-element elementor-element-08a6689 elementor-widget elementor-widget-image\" data-id=\"08a6689\" data-element_type=\"widget\" data-widget_type=\"image.default\">\n\t\t\t\t<div class=\"elementor-widget-container\">\n\t\t\t\t\t\t\t\t\t\t\t\t\t\t\t<img decoding=\"async\" width=\"1080\" height=\"1350\" src=\"https:\/\/studiomarideus.com\/wp-content\/uploads\/2024\/01\/Igreja-do-Sagrado-Coracao-de-Jesus-1.png\" class=\"attachment-full size-full wp-image-790\" alt=\"\" srcset=\"https:\/\/studiomarideus.com\/wp-content\/uploads\/2024\/01\/Igreja-do-Sagrado-Coracao-de-Jesus-1.png 1080w, https:\/\/studiomarideus.com\/wp-content\/uploads\/2024\/01\/Igreja-do-Sagrado-Coracao-de-Jesus-1-240x300.png 240w, https:\/\/studiomarideus.com\/wp-content\/uploads\/2024\/01\/Igreja-do-Sagrado-Coracao-de-Jesus-1-819x1024.png 819w, https:\/\/studiomarideus.com\/wp-content\/uploads\/2024\/01\/Igreja-do-Sagrado-Coracao-de-Jesus-1-768x960.png 768w\" sizes=\"(max-width: 1080px) 100vw, 1080px\" \/>\t\t\t\t\t\t\t\t\t\t\t\t\t\t\t<\/div>\n\t\t\t\t<\/div>\n\t\t\t\t\t<\/div>\n\t\t\t\t<\/div>\n\t\t\t\t\t\t\t<\/div>\n\t\t","protected":false},"excerpt":{"rendered":"<p>Capela \u2013 Teresina\/PI Desenvolvemos ilustra\u00e7\u00f5es personalizadas para compor a identidade visual de seu casamento ou evento. As artes s\u00e3o entregues em formato digital prontas para serem aplicadas na papelaria e demais itens. A arte a seguir foi desenvolvida em parceria com Jo\u00e3o Cvlh, designer de marcas, especialista em identidade visual. Os layouts abaixo s\u00e3o sugest\u00f5es [&hellip;]<\/p>\n","protected":false},"author":1,"featured_media":0,"parent":0,"menu_order":0,"comment_status":"closed","ping_status":"closed","template":"elementor_canvas","meta":{"footnotes":""},"_links":{"self":[{"href":"https:\/\/studiomarideus.com\/pagina-inicial\/wp-json\/wp\/v2\/pages\/714"}],"collection":[{"href":"https:\/\/studiomarideus.com\/pagina-inicial\/wp-json\/wp\/v2\/pages"}],"about":[{"href":"https:\/\/studiomarideus.com\/pagina-inicial\/wp-json\/wp\/v2\/types\/page"}],"author":[{"embeddable":true,"href":"https:\/\/studiomarideus.com\/pagina-inicial\/wp-json\/wp\/v2\/users\/1"}],"replies":[{"embeddable":true,"href":"https:\/\/studiomarideus.com\/pagina-inicial\/wp-json\/wp\/v2\/comments?post=714"}],"version-history":[{"count":19,"href":"https:\/\/studiomarideus.com\/pagina-inicial\/wp-json\/wp\/v2\/pages\/714\/revisions"}],"predecessor-version":[{"id":1433,"href":"https:\/\/studiomarideus.com\/pagina-inicial\/wp-json\/wp\/v2\/pages\/714\/revisions\/1433"}],"wp:attachment":[{"href":"https:\/\/studiomarideus.com\/pagina-inicial\/wp-json\/wp\/v2\/media?parent=714"}],"curies":[{"name":"wp","href":"https:\/\/api.w.org\/{rel}","templated":true}]}}

<div data-elementor-type="wp-page" data-elementor-id="714" class="elementor elementor-714">
							<div class="elementor-element elementor-element-e3f0859 e-flex e-con-boxed wpr-particle-no wpr-jarallax-no wpr-parallax-no wpr-sticky-section-no e-con e-parent" data-id="e3f0859" data-element_type="container" data-settings="{&quot;content_width&quot;:&quot;boxed&quot;}" data-core-v316-plus="true">
					<div class="e-con-inner">
				<div class="elementor-element elementor-element-f3bb8c8 elementor-widget elementor-widget-spacer" data-id="f3bb8c8" data-element_type="widget" data-widget_type="spacer.default">
				<div class="elementor-widget-container">
			<style>/*! elementor - v3.18.0 - 20-12-2023 */
.elementor-column .elementor-spacer-inner{height:var(--spacer-size)}.e-con{--container-widget-width:100%}.e-con-inner>.elementor-widget-spacer,.e-con>.elementor-widget-spacer{width:var(--container-widget-width,var(--spacer-size));--align-self:var(--container-widget-align-self,initial);--flex-shrink:0}.e-con-inner>.elementor-widget-spacer>.elementor-widget-container,.e-con>.elementor-widget-spacer>.elementor-widget-container{height:100%;width:100%}.e-con-inner>.elementor-widget-spacer>.elementor-widget-container>.elementor-spacer,.e-con>.elementor-widget-spacer>.elementor-widget-container>.elementor-spacer{height:100%}.e-con-inner>.elementor-widget-spacer>.elementor-widget-container>.elementor-spacer>.elementor-spacer-inner,.e-con>.elementor-widget-spacer>.elementor-widget-container>.elementor-spacer>.elementor-spacer-inner{height:var(--container-widget-height,var(--spacer-size))}.e-con-inner>.elementor-widget-spacer.elementor-widget-empty,.e-con>.elementor-widget-spacer.elementor-widget-empty{position:relative;min-height:22px;min-width:22px}.e-con-inner>.elementor-widget-spacer.elementor-widget-empty .elementor-widget-empty-icon,.e-con>.elementor-widget-spacer.elementor-widget-empty .elementor-widget-empty-icon{position:absolute;top:0;bottom:0;left:0;right:0;margin:auto;padding:0;width:22px;height:22px}</style>		<div class="elementor-spacer">
			<div class="elementor-spacer-inner"></div>
		</div>
				</div>
				</div>
				<div class="elementor-element elementor-element-06293a7 elementor-widget elementor-widget-heading" data-id="06293a7" data-element_type="widget" data-widget_type="heading.default">
				<div class="elementor-widget-container">
			<style>/*! elementor - v3.18.0 - 20-12-2023 */
.elementor-heading-title{padding:0;margin:0;line-height:1}.elementor-widget-heading .elementor-heading-title[class*=elementor-size-]>a{color:inherit;font-size:inherit;line-height:inherit}.elementor-widget-heading .elementor-heading-title.elementor-size-small{font-size:15px}.elementor-widget-heading .elementor-heading-title.elementor-size-medium{font-size:19px}.elementor-widget-heading .elementor-heading-title.elementor-size-large{font-size:29px}.elementor-widget-heading .elementor-heading-title.elementor-size-xl{font-size:39px}.elementor-widget-heading .elementor-heading-title.elementor-size-xxl{font-size:59px}</style><h2 class="elementor-heading-title elementor-size-default">Capela – Teresina/PI</h2>		</div>
				</div>
				<div class="elementor-element elementor-element-9b68378 elementor-widget elementor-widget-text-editor" data-id="9b68378" data-element_type="widget" data-widget_type="text-editor.default">
				<div class="elementor-widget-container">
			<style>/*! elementor - v3.18.0 - 20-12-2023 */
.elementor-widget-text-editor.elementor-drop-cap-view-stacked .elementor-drop-cap{background-color:#69727d;color:#fff}.elementor-widget-text-editor.elementor-drop-cap-view-framed .elementor-drop-cap{color:#69727d;border:3px solid;background-color:transparent}.elementor-widget-text-editor:not(.elementor-drop-cap-view-default) .elementor-drop-cap{margin-top:8px}.elementor-widget-text-editor:not(.elementor-drop-cap-view-default) .elementor-drop-cap-letter{width:1em;height:1em}.elementor-widget-text-editor .elementor-drop-cap{float:left;text-align:center;line-height:1;font-size:50px}.elementor-widget-text-editor .elementor-drop-cap-letter{display:inline-block}</style>				<p><span style="font-weight: 400;">Desenvolvemos ilustrações personalizadas para compor a identidade visual de seu casamento ou evento. As artes são entregues em formato digital prontas para serem aplicadas na papelaria e demais itens.</span></p><p><span style="font-weight: 400;">A arte a seguir foi desenvolvida em parceria com João Cvlh, designer de marcas, especialista em identidade visual.</span></p><p><span style="font-weight: 400;">Os layouts abaixo são sugestões de montagem. Imagens ilustrativas.</span></p><p><span style="font-weight: 400;">Quer personalizar seu evento? Entre em contato conosco!</span></p><p><span style="font-weight: 400;">Será um prazer esclarecer suas dúvidas!</span></p>						</div>
				</div>
					</div>
				</div>
		<div class="elementor-element elementor-element-babe7eb e-flex e-con-boxed wpr-particle-no wpr-jarallax-no wpr-parallax-no wpr-sticky-section-no e-con e-parent" data-id="babe7eb" data-element_type="container" data-settings="{&quot;content_width&quot;:&quot;boxed&quot;}" data-core-v316-plus="true">
					<div class="e-con-inner">
				<div class="elementor-element elementor-element-2180c31 elementor-widget elementor-widget-image" data-id="2180c31" data-element_type="widget" data-widget_type="image.default">
				<div class="elementor-widget-container">
			<style>/*! elementor - v3.18.0 - 20-12-2023 */
.elementor-widget-image{text-align:center}.elementor-widget-image a{display:inline-block}.elementor-widget-image a img[src$=".svg"]{width:48px}.elementor-widget-image img{vertical-align:middle;display:inline-block}</style>												<img fetchpriority="high" decoding="async" width="4096" height="6144" src="https://studiomarideus.com/wp-content/uploads/2024/01/mockup-capela-borda-suave-3.png" class="attachment-full size-full wp-image-791" alt="" srcset="https://studiomarideus.com/wp-content/uploads/2024/01/mockup-capela-borda-suave-3.png 4096w, https://studiomarideus.com/wp-content/uploads/2024/01/mockup-capela-borda-suave-3-200x300.png 200w, https://studiomarideus.com/wp-content/uploads/2024/01/mockup-capela-borda-suave-3-683x1024.png 683w, https://studiomarideus.com/wp-content/uploads/2024/01/mockup-capela-borda-suave-3-768x1152.png 768w, https://studiomarideus.com/wp-content/uploads/2024/01/mockup-capela-borda-suave-3-1024x1536.png 1024w, https://studiomarideus.com/wp-content/uploads/2024/01/mockup-capela-borda-suave-3-1365x2048.png 1365w" sizes="(max-width: 4096px) 100vw, 4096px" />															</div>
				</div>
				<div class="elementor-element elementor-element-08a6689 elementor-widget elementor-widget-image" data-id="08a6689" data-element_type="widget" data-widget_type="image.default">
				<div class="elementor-widget-container">
															<img decoding="async" width="1080" height="1350" src="https://studiomarideus.com/wp-content/uploads/2024/01/Igreja-do-Sagrado-Coracao-de-Jesus-1.png" class="attachment-full size-full wp-image-790" alt="" srcset="https://studiomarideus.com/wp-content/uploads/2024/01/Igreja-do-Sagrado-Coracao-de-Jesus-1.png 1080w, https://studiomarideus.com/wp-content/uploads/2024/01/Igreja-do-Sagrado-Coracao-de-Jesus-1-240x300.png 240w, https://studiomarideus.com/wp-content/uploads/2024/01/Igreja-do-Sagrado-Coracao-de-Jesus-1-819x1024.png 819w, https://studiomarideus.com/wp-content/uploads/2024/01/Igreja-do-Sagrado-Coracao-de-Jesus-1-768x960.png 768w" sizes="(max-width: 1080px) 100vw, 1080px" />															</div>
				</div>
					</div>
				</div>
							</div>

<p>Capela – Teresina/PI Desenvolvemos ilustrações personalizadas para compor a identidade visual de seu casamento ou evento. As artes são entregues em formato digital prontas para serem aplicadas na papelaria e demais itens. A arte a seguir foi desenvolvida em parceria com João Cvlh, designer de marcas, especialista em identidade visual. Os layouts abaixo são sugestões [&hellip;]</p>
